{"id":1824,"date":"2022-10-10T13:54:19","date_gmt":"2022-10-10T16:54:19","guid":{"rendered":"https:\/\/www.madeireiraboituva.com.br\/?page_id=1824"},"modified":"2022-10-11T08:49:08","modified_gmt":"2022-10-11T11:49:08","slug":"moveis","status":"publish","type":"page","link":"https:\/\/www.madeireiraboituva.com.br\/index.php\/moveis\/","title":{"rendered":"M\u00f3veis"},"content":{"rendered":"<style>\/*! elementor - v3.7.8 - 02-10-2022 *\/<br \/>\n.elementor-heading-title{padding:0;margin:0;line-height:1}.elementor-widget-heading .elementor-heading-title[class*=elementor-size-]>a{color:inherit;font-size:inherit;line-height:inherit}.elementor-widget-heading .elementor-heading-title.elementor-size-small{font-size:15px}.elementor-widget-heading .elementor-heading-title.elementor-size-medium{font-size:19px}.elementor-widget-heading .elementor-heading-title.elementor-size-large{font-size:29px}.elementor-widget-heading .elementor-heading-title.elementor-size-xl{font-size:39px}.elementor-widget-heading .elementor-heading-title.elementor-size-xxl{font-size:59px}<\/style>\n<h2>M\u00f3veis R\u00fasticos<\/h2>\n<p>Voc\u00ea gosta de exclusividade e resist\u00eancia em m\u00f3veis? E de se sentir mais perto da natureza, voc\u00ea gosta? Se as suas respostas foram sim para as duas quest\u00f5es anteriores, voc\u00ea tem bons motivos para ler esse artigo e descobrir mais sobre o que os m\u00f3veis r\u00fasticos&nbsp;oferecem.<\/p>\n<p>Foi se o tempo em que m\u00f3veis r\u00fasticos eram encontrados apenas em&nbsp;casas de campo&nbsp;e na&nbsp;praia, hoje em dia, cada vez mais eles est\u00e3o presentes em resid\u00eancias urbanas e at\u00e9 mesmo em lojas modernas. As suas principais caracter\u00edsticas s\u00e3o&nbsp;<b>resist\u00eancia&nbsp;<\/b>e&nbsp;<b>a semelhan\u00e7a com a natureza<\/b>, e s\u00e3o esses quesitos que n\u00f3s vamos explorar nesse post e te mostrar como voc\u00ea pode aproveit\u00e1-los!<\/p>\n<p>Temos M\u00f3veis R\u00fasticos em madeira. Itens de alta qualidade a pronta entrega e sob encomenda.&nbsp;<\/p>\n<p>Consulte-nos<\/p>\n<style>\/*! elementor - v3.7.8 - 02-10-2022 *\/<br \/>\n.elementor-image-gallery .gallery-item{display:inline-block;text-align:center;vertical-align:top;width:100%;max-width:100%;margin:0 auto}.elementor-image-gallery .gallery-item img{margin:0 auto}.elementor-image-gallery .gallery-item .gallery-caption{margin:0}.elementor-image-gallery figure img{display:block}.elementor-image-gallery figure figcaption{width:100%}.gallery-spacing-custom .elementor-image-gallery .gallery-icon{padding:0}@media (min-width:768px){.elementor-image-gallery .gallery-columns-2 .gallery-item{max-width:50%}.elementor-image-gallery .gallery-columns-3 .gallery-item{max-width:33.33%}.elementor-image-gallery .gallery-columns-4 .gallery-item{max-width:25%}.elementor-image-gallery .gallery-columns-5 .gallery-item{max-width:20%}.elementor-image-gallery .gallery-columns-6 .gallery-item{max-width:16.666%}.elementor-image-gallery .gallery-columns-7 .gallery-item{max-width:14.28%}.elementor-image-gallery .gallery-columns-8 .gallery-item{max-width:12.5%}.elementor-image-gallery .gallery-columns-9 .gallery-item{max-width:11.11%}.elementor-image-gallery .gallery-columns-10 .gallery-item{max-width:10%}}@media (min-width:480px) and (max-width:767px){.elementor-image-gallery .gallery.gallery-columns-2 .gallery-item,.elementor-image-gallery .gallery.gallery-columns-3 .gallery-item,.elementor-image-gallery .gallery.gallery-columns-4 .gallery-item,.elementor-image-gallery .gallery.gallery-columns-5 .gallery-item,.elementor-image-gallery .gallery.gallery-columns-6 .gallery-item,.elementor-image-gallery .gallery.gallery-columns-7 .gallery-item,.elementor-image-gallery .gallery.gallery-columns-8 .gallery-item,.elementor-image-gallery .gallery.gallery-columns-9 .gallery-item,.elementor-image-gallery .gallery.gallery-columns-10 .gallery-item{max-width:50%}}@media (max-width:479px){.elementor-image-gallery .gallery.gallery-columns-2 .gallery-item,.elementor-image-gallery .gallery.gallery-columns-3 .gallery-item,.elementor-image-gallery .gallery.gallery-columns-4 .gallery-item,.elementor-image-gallery .gallery.gallery-columns-5 .gallery-item,.elementor-image-gallery .gallery.gallery-columns-6 .gallery-item,.elementor-image-gallery .gallery.gallery-columns-7 .gallery-item,.elementor-image-gallery .gallery.gallery-columns-8 .gallery-item,.elementor-image-gallery .gallery.gallery-columns-9 .gallery-item,.elementor-image-gallery .gallery.gallery-columns-10 .gallery-item{max-width:100%}}<\/style>\n<figure class=\"gallery-item\">\n\t\t\t\t<a data-elementor-open-lightbox=\"yes\" data-elementor-lightbox-slideshow=\"67d55f9\" data-elementor-lightbox-title=\"WhatsApp Image 2022-03-07 at 09.40.56\" e-action-hash=\"#elementor-action%3Aaction%3Dlightbox%26settings%3DeyJpZCI6MTg5OSwidXJsIjoiaHR0cHM6XC9cL3d3dy5tYWRlaXJlaXJhYm9pdHV2YS5jb20uYnJcL3dwLWNvbnRlbnRcL3VwbG9hZHNcLzIwMjJcLzEwXC9XaGF0c0FwcC1JbWFnZS0yMDIyLTAzLTA3LWF0LTA5LjQwLjU2LmpwZWciLCJzbGlkZXNob3ciOiI2N2Q1NWY5In0%3D\" href=\"https:\/\/www.madeireiraboituva.com.br\/wp-content\/uploads\/2022\/10\/WhatsApp-Image-2022-03-07-at-09.40.56.jpeg\"><img decoding=\"async\" width=\"150\" height=\"150\" src=\"https:\/\/www.madeireiraboituva.com.br\/wp-content\/uploads\/2022\/10\/WhatsApp-Image-2022-03-07-at-09.40.56-150x150.jpeg\" alt=\"\" loading=\"lazy\" aria-describedby=\"gallery-1-1899\"><\/a><figcaption class=\"wp-caption-text gallery-caption\" id=\"gallery-1-1899\">\n\t\t\t\tAdegas<br \/>\n<\/figcaption><\/figure>\n<figure class=\"gallery-item\">\n\t\t\t\t<a data-elementor-open-lightbox=\"yes\" data-elementor-lightbox-slideshow=\"67d55f9\" data-elementor-lightbox-title=\"WhatsApp Image 2022-03-07 at 09.40.55 (2)\" e-action-hash=\"#elementor-action%3Aaction%3Dlightbox%26settings%3DeyJpZCI6MTkwMSwidXJsIjoiaHR0cHM6XC9cL3d3dy5tYWRlaXJlaXJhYm9pdHV2YS5jb20uYnJcL3dwLWNvbnRlbnRcL3VwbG9hZHNcLzIwMjJcLzEwXC9XaGF0c0FwcC1JbWFnZS0yMDIyLTAzLTA3LWF0LTA5LjQwLjU1LTIuanBlZyIsInNsaWRlc2hvdyI6IjY3ZDU1ZjkifQ%3D%3D\" href=\"https:\/\/www.madeireiraboituva.com.br\/wp-content\/uploads\/2022\/10\/WhatsApp-Image-2022-03-07-at-09.40.55-2.jpeg\"><img decoding=\"async\" width=\"150\" height=\"150\" src=\"https:\/\/www.madeireiraboituva.com.br\/wp-content\/uploads\/2022\/10\/WhatsApp-Image-2022-03-07-at-09.40.55-2-150x150.jpeg\" alt=\"\" loading=\"lazy\" aria-describedby=\"gallery-1-1901\"><\/a><figcaption class=\"wp-caption-text gallery-caption\" id=\"gallery-1-1901\">\n\t\t\t\tConjunto de Mesa e Cadeiras<br \/>\n<\/figcaption><\/figure>\n<figure class=\"gallery-item\">\n\t\t\t\t<a data-elementor-open-lightbox=\"yes\" data-elementor-lightbox-slideshow=\"67d55f9\" data-elementor-lightbox-title=\"WhatsApp Image 2022-03-07 at 09.40.57\" e-action-hash=\"#elementor-action%3Aaction%3Dlightbox%26settings%3DeyJpZCI6MTg5NiwidXJsIjoiaHR0cHM6XC9cL3d3dy5tYWRlaXJlaXJhYm9pdHV2YS5jb20uYnJcL3dwLWNvbnRlbnRcL3VwbG9hZHNcLzIwMjJcLzEwXC9XaGF0c0FwcC1JbWFnZS0yMDIyLTAzLTA3LWF0LTA5LjQwLjU3LmpwZWciLCJzbGlkZXNob3ciOiI2N2Q1NWY5In0%3D\" href=\"https:\/\/www.madeireiraboituva.com.br\/wp-content\/uploads\/2022\/10\/WhatsApp-Image-2022-03-07-at-09.40.57.jpeg\"><img decoding=\"async\" width=\"150\" height=\"150\" src=\"https:\/\/www.madeireiraboituva.com.br\/wp-content\/uploads\/2022\/10\/WhatsApp-Image-2022-03-07-at-09.40.57-150x150.jpeg\" alt=\"\" loading=\"lazy\" aria-describedby=\"gallery-1-1896\"><\/a><figcaption class=\"wp-caption-text gallery-caption\" id=\"gallery-1-1896\">\n\t\t\t\tBancos<br \/>\n<\/figcaption><\/figure>\n<figure class=\"gallery-item\">\n\t\t\t\t<a data-elementor-open-lightbox=\"yes\" data-elementor-lightbox-slideshow=\"67d55f9\" data-elementor-lightbox-title=\"WhatsApp Image 2022-03-07 at 09.40.56 (1)\" e-action-hash=\"#elementor-action%3Aaction%3Dlightbox%26settings%3DeyJpZCI6MTg5OCwidXJsIjoiaHR0cHM6XC9cL3d3dy5tYWRlaXJlaXJhYm9pdHV2YS5jb20uYnJcL3dwLWNvbnRlbnRcL3VwbG9hZHNcLzIwMjJcLzEwXC9XaGF0c0FwcC1JbWFnZS0yMDIyLTAzLTA3LWF0LTA5LjQwLjU2LTEuanBlZyIsInNsaWRlc2hvdyI6IjY3ZDU1ZjkifQ%3D%3D\" href=\"https:\/\/www.madeireiraboituva.com.br\/wp-content\/uploads\/2022\/10\/WhatsApp-Image-2022-03-07-at-09.40.56-1.jpeg\"><img decoding=\"async\" width=\"150\" height=\"150\" src=\"https:\/\/www.madeireiraboituva.com.br\/wp-content\/uploads\/2022\/10\/WhatsApp-Image-2022-03-07-at-09.40.56-1-150x150.jpeg\" alt=\"\" loading=\"lazy\" aria-describedby=\"gallery-1-1898\"><\/a><figcaption class=\"wp-caption-text gallery-caption\" id=\"gallery-1-1898\">\n\t\t\t\tAdegas<br \/>\n<\/figcaption><\/figure>\n<figure class=\"gallery-item\">\n\t\t\t\t<a data-elementor-open-lightbox=\"yes\" data-elementor-lightbox-slideshow=\"67d55f9\" data-elementor-lightbox-title=\"WhatsApp Image 2022-03-07 at 09.40.57 (2)\" e-action-hash=\"#elementor-action%3Aaction%3Dlightbox%26settings%3DeyJpZCI6MTg5NCwidXJsIjoiaHR0cHM6XC9cL3d3dy5tYWRlaXJlaXJhYm9pdHV2YS5jb20uYnJcL3dwLWNvbnRlbnRcL3VwbG9hZHNcLzIwMjJcLzEwXC9XaGF0c0FwcC1JbWFnZS0yMDIyLTAzLTA3LWF0LTA5LjQwLjU3LTIuanBlZyIsInNsaWRlc2hvdyI6IjY3ZDU1ZjkifQ%3D%3D\" href=\"https:\/\/www.madeireiraboituva.com.br\/wp-content\/uploads\/2022\/10\/WhatsApp-Image-2022-03-07-at-09.40.57-2.jpeg\"><img decoding=\"async\" width=\"150\" height=\"150\" src=\"https:\/\/www.madeireiraboituva.com.br\/wp-content\/uploads\/2022\/10\/WhatsApp-Image-2022-03-07-at-09.40.57-2-150x150.jpeg\" alt=\"\" loading=\"lazy\" aria-describedby=\"gallery-1-1894\"><\/a><figcaption class=\"wp-caption-text gallery-caption\" id=\"gallery-1-1894\">\n\t\t\t\tMesa Balc\u00e3o<br \/>\n<\/figcaption><\/figure>\n<figure class=\"gallery-item\">\n\t\t\t\t<a data-elementor-open-lightbox=\"yes\" data-elementor-lightbox-slideshow=\"67d55f9\" data-elementor-lightbox-title=\"WhatsApp Image 2022-03-07 at 09.40.56 (2)\" e-action-hash=\"#elementor-action%3Aaction%3Dlightbox%26settings%3DeyJpZCI6MTg5NywidXJsIjoiaHR0cHM6XC9cL3d3dy5tYWRlaXJlaXJhYm9pdHV2YS5jb20uYnJcL3dwLWNvbnRlbnRcL3VwbG9hZHNcLzIwMjJcLzEwXC9XaGF0c0FwcC1JbWFnZS0yMDIyLTAzLTA3LWF0LTA5LjQwLjU2LTIuanBlZyIsInNsaWRlc2hvdyI6IjY3ZDU1ZjkifQ%3D%3D\" href=\"https:\/\/www.madeireiraboituva.com.br\/wp-content\/uploads\/2022\/10\/WhatsApp-Image-2022-03-07-at-09.40.56-2.jpeg\"><img decoding=\"async\" width=\"150\" height=\"150\" src=\"https:\/\/www.madeireiraboituva.com.br\/wp-content\/uploads\/2022\/10\/WhatsApp-Image-2022-03-07-at-09.40.56-2-150x150.jpeg\" alt=\"\" loading=\"lazy\" aria-describedby=\"gallery-1-1897\"><\/a><figcaption class=\"wp-caption-text gallery-caption\" id=\"gallery-1-1897\">\n\t\t\t\tAparadores<br \/>\n<\/figcaption><\/figure>\n<figure class=\"gallery-item\">\n\t\t\t\t<a data-elementor-open-lightbox=\"yes\" data-elementor-lightbox-slideshow=\"67d55f9\" data-elementor-lightbox-title=\"WhatsApp Image 2022-03-07 at 09.40.58\" e-action-hash=\"#elementor-action%3Aaction%3Dlightbox%26settings%3DeyJpZCI6MTg5MiwidXJsIjoiaHR0cHM6XC9cL3d3dy5tYWRlaXJlaXJhYm9pdHV2YS5jb20uYnJcL3dwLWNvbnRlbnRcL3VwbG9hZHNcLzIwMjJcLzEwXC9XaGF0c0FwcC1JbWFnZS0yMDIyLTAzLTA3LWF0LTA5LjQwLjU4LmpwZWciLCJzbGlkZXNob3ciOiI2N2Q1NWY5In0%3D\" href=\"https:\/\/www.madeireiraboituva.com.br\/wp-content\/uploads\/2022\/10\/WhatsApp-Image-2022-03-07-at-09.40.58.jpeg\"><img decoding=\"async\" width=\"150\" height=\"150\" src=\"https:\/\/www.madeireiraboituva.com.br\/wp-content\/uploads\/2022\/10\/WhatsApp-Image-2022-03-07-at-09.40.58-150x150.jpeg\" alt=\"\" loading=\"lazy\" aria-describedby=\"gallery-1-1892\"><\/a><figcaption class=\"wp-caption-text gallery-caption\" id=\"gallery-1-1892\">\n\t\t\t\tCasinha Infantil<br \/>\n<\/figcaption><\/figure>\n<figure class=\"gallery-item\">\n\t\t\t\t<a data-elementor-open-lightbox=\"yes\" data-elementor-lightbox-slideshow=\"67d55f9\" data-elementor-lightbox-title=\"WhatsApp Image 2022-03-07 at 09.40.54 (1)\" e-action-hash=\"#elementor-action%3Aaction%3Dlightbox%26settings%3DeyJpZCI6MTkwNCwidXJsIjoiaHR0cHM6XC9cL3d3dy5tYWRlaXJlaXJhYm9pdHV2YS5jb20uYnJcL3dwLWNvbnRlbnRcL3VwbG9hZHNcLzIwMjJcLzEwXC9XaGF0c0FwcC1JbWFnZS0yMDIyLTAzLTA3LWF0LTA5LjQwLjU0LTEuanBlZyIsInNsaWRlc2hvdyI6IjY3ZDU1ZjkifQ%3D%3D\" href=\"https:\/\/www.madeireiraboituva.com.br\/wp-content\/uploads\/2022\/10\/WhatsApp-Image-2022-03-07-at-09.40.54-1.jpeg\"><img decoding=\"async\" width=\"150\" height=\"150\" src=\"https:\/\/www.madeireiraboituva.com.br\/wp-content\/uploads\/2022\/10\/WhatsApp-Image-2022-03-07-at-09.40.54-1-150x150.jpeg\" alt=\"\" loading=\"lazy\" aria-describedby=\"gallery-1-1904\"><\/a><figcaption class=\"wp-caption-text gallery-caption\" id=\"gallery-1-1904\">\n\t\t\t\tArm\u00e1rios<br \/>\n<\/figcaption><\/figure>\n<figure class=\"gallery-item\">\n\t\t\t\t<a data-elementor-open-lightbox=\"yes\" data-elementor-lightbox-slideshow=\"67d55f9\" data-elementor-lightbox-title=\"WhatsApp Image 2022-03-07 at 09.40.55 (1)\" e-action-hash=\"#elementor-action%3Aaction%3Dlightbox%26settings%3DeyJpZCI6MTkwMiwidXJsIjoiaHR0cHM6XC9cL3d3dy5tYWRlaXJlaXJhYm9pdHV2YS5jb20uYnJcL3dwLWNvbnRlbnRcL3VwbG9hZHNcLzIwMjJcLzEwXC9XaGF0c0FwcC1JbWFnZS0yMDIyLTAzLTA3LWF0LTA5LjQwLjU1LTEuanBlZyIsInNsaWRlc2hvdyI6IjY3ZDU1ZjkifQ%3D%3D\" href=\"https:\/\/www.madeireiraboituva.com.br\/wp-content\/uploads\/2022\/10\/WhatsApp-Image-2022-03-07-at-09.40.55-1.jpeg\"><img decoding=\"async\" width=\"150\" height=\"150\" src=\"https:\/\/www.madeireiraboituva.com.br\/wp-content\/uploads\/2022\/10\/WhatsApp-Image-2022-03-07-at-09.40.55-1-150x150.jpeg\" alt=\"\" loading=\"lazy\" aria-describedby=\"gallery-1-1902\"><\/a><figcaption class=\"wp-caption-text gallery-caption\" id=\"gallery-1-1902\">\n\t\t\t\tCadeiras<br \/>\n<\/figcaption><\/figure>\n<figure class=\"gallery-item\">\n\t\t\t\t<a data-elementor-open-lightbox=\"yes\" data-elementor-lightbox-slideshow=\"67d55f9\" data-elementor-lightbox-title=\"WhatsApp Image 2022-03-07 at 09.40.55 (3)\" e-action-hash=\"#elementor-action%3Aaction%3Dlightbox%26settings%3DeyJpZCI6MTkwMCwidXJsIjoiaHR0cHM6XC9cL3d3dy5tYWRlaXJlaXJhYm9pdHV2YS5jb20uYnJcL3dwLWNvbnRlbnRcL3VwbG9hZHNcLzIwMjJcLzEwXC9XaGF0c0FwcC1JbWFnZS0yMDIyLTAzLTA3LWF0LTA5LjQwLjU1LTMuanBlZyIsInNsaWRlc2hvdyI6IjY3ZDU1ZjkifQ%3D%3D\" href=\"https:\/\/www.madeireiraboituva.com.br\/wp-content\/uploads\/2022\/10\/WhatsApp-Image-2022-03-07-at-09.40.55-3.jpeg\"><img decoding=\"async\" width=\"150\" height=\"150\" src=\"https:\/\/www.madeireiraboituva.com.br\/wp-content\/uploads\/2022\/10\/WhatsApp-Image-2022-03-07-at-09.40.55-3-150x150.jpeg\" alt=\"\" loading=\"lazy\" aria-describedby=\"gallery-1-1900\"><\/a><figcaption class=\"wp-caption-text gallery-caption\" id=\"gallery-1-1900\">\n\t\t\t\tConjunto de Mesa e Cadeiras<br \/>\n<\/figcaption><\/figure>\n<figure class=\"gallery-item\">\n\t\t\t\t<a data-elementor-open-lightbox=\"yes\" data-elementor-lightbox-slideshow=\"67d55f9\" data-elementor-lightbox-title=\"WhatsApp Image 2022-03-07 at 09.40.55\" e-action-hash=\"#elementor-action%3Aaction%3Dlightbox%26settings%3DeyJpZCI6MTkwMywidXJsIjoiaHR0cHM6XC9cL3d3dy5tYWRlaXJlaXJhYm9pdHV2YS5jb20uYnJcL3dwLWNvbnRlbnRcL3VwbG9hZHNcLzIwMjJcLzEwXC9XaGF0c0FwcC1JbWFnZS0yMDIyLTAzLTA3LWF0LTA5LjQwLjU1LmpwZWciLCJzbGlkZXNob3ciOiI2N2Q1NWY5In0%3D\" href=\"https:\/\/www.madeireiraboituva.com.br\/wp-content\/uploads\/2022\/10\/WhatsApp-Image-2022-03-07-at-09.40.55.jpeg\"><img decoding=\"async\" width=\"150\" height=\"150\" src=\"https:\/\/www.madeireiraboituva.com.br\/wp-content\/uploads\/2022\/10\/WhatsApp-Image-2022-03-07-at-09.40.55-150x150.jpeg\" alt=\"\" loading=\"lazy\" aria-describedby=\"gallery-1-1903\"><\/a><figcaption class=\"wp-caption-text gallery-caption\" id=\"gallery-1-1903\">\n\t\t\t\tArm\u00e1rios<br \/>\n<\/figcaption><\/figure>\n<figure class=\"gallery-item\">\n\t\t\t\t<a data-elementor-open-lightbox=\"yes\" data-elementor-lightbox-slideshow=\"67d55f9\" data-elementor-lightbox-title=\"WhatsApp Image 2022-03-07 at 09.40.54\" e-action-hash=\"#elementor-action%3Aaction%3Dlightbox%26settings%3DeyJpZCI6MTkwNSwidXJsIjoiaHR0cHM6XC9cL3d3dy5tYWRlaXJlaXJhYm9pdHV2YS5jb20uYnJcL3dwLWNvbnRlbnRcL3VwbG9hZHNcLzIwMjJcLzEwXC9XaGF0c0FwcC1JbWFnZS0yMDIyLTAzLTA3LWF0LTA5LjQwLjU0LmpwZWciLCJzbGlkZXNob3ciOiI2N2Q1NWY5In0%3D\" href=\"https:\/\/www.madeireiraboituva.com.br\/wp-content\/uploads\/2022\/10\/WhatsApp-Image-2022-03-07-at-09.40.54.jpeg\"><img decoding=\"async\" width=\"150\" height=\"150\" src=\"https:\/\/www.madeireiraboituva.com.br\/wp-content\/uploads\/2022\/10\/WhatsApp-Image-2022-03-07-at-09.40.54-150x150.jpeg\" alt=\"\" loading=\"lazy\" aria-describedby=\"gallery-1-1905\"><\/a><figcaption class=\"wp-caption-text gallery-caption\" id=\"gallery-1-1905\">\n\t\t\t\tCasinha Infantil<br \/>\n<\/figcaption><\/figure>\n<figure class=\"gallery-item\">\n\t\t\t\t<a data-elementor-open-lightbox=\"yes\" data-elementor-lightbox-slideshow=\"67d55f9\" data-elementor-lightbox-title=\"WhatsApp Image 2022-03-07 at 09.40.57 (1)\" e-action-hash=\"#elementor-action%3Aaction%3Dlightbox%26settings%3DeyJpZCI6MTg5NSwidXJsIjoiaHR0cHM6XC9cL3d3dy5tYWRlaXJlaXJhYm9pdHV2YS5jb20uYnJcL3dwLWNvbnRlbnRcL3VwbG9hZHNcLzIwMjJcLzEwXC9XaGF0c0FwcC1JbWFnZS0yMDIyLTAzLTA3LWF0LTA5LjQwLjU3LTEuanBlZyIsInNsaWRlc2hvdyI6IjY3ZDU1ZjkifQ%3D%3D\" href=\"https:\/\/www.madeireiraboituva.com.br\/wp-content\/uploads\/2022\/10\/WhatsApp-Image-2022-03-07-at-09.40.57-1.jpeg\"><img decoding=\"async\" width=\"150\" height=\"150\" src=\"https:\/\/www.madeireiraboituva.com.br\/wp-content\/uploads\/2022\/10\/WhatsApp-Image-2022-03-07-at-09.40.57-1-150x150.jpeg\" alt=\"\" loading=\"lazy\" aria-describedby=\"gallery-1-1895\"><\/a><figcaption class=\"wp-caption-text gallery-caption\" id=\"gallery-1-1895\">\n\t\t\t\tConjunto de Mesa e Cadeiras<br \/>\n<\/figcaption><\/figure>\n<figure class=\"gallery-item\">\n\t\t\t\t<a data-elementor-open-lightbox=\"yes\" data-elementor-lightbox-slideshow=\"67d55f9\" data-elementor-lightbox-title=\"WhatsApp Image 2022-03-07 at 09.40.57 (3)\" e-action-hash=\"#elementor-action%3Aaction%3Dlightbox%26settings%3DeyJpZCI6MTg5MywidXJsIjoiaHR0cHM6XC9cL3d3dy5tYWRlaXJlaXJhYm9pdHV2YS5jb20uYnJcL3dwLWNvbnRlbnRcL3VwbG9hZHNcLzIwMjJcLzEwXC9XaGF0c0FwcC1JbWFnZS0yMDIyLTAzLTA3LWF0LTA5LjQwLjU3LTMuanBlZyIsInNsaWRlc2hvdyI6IjY3ZDU1ZjkifQ%3D%3D\" href=\"https:\/\/www.madeireiraboituva.com.br\/wp-content\/uploads\/2022\/10\/WhatsApp-Image-2022-03-07-at-09.40.57-3.jpeg\"><img decoding=\"async\" width=\"150\" height=\"150\" src=\"https:\/\/www.madeireiraboituva.com.br\/wp-content\/uploads\/2022\/10\/WhatsApp-Image-2022-03-07-at-09.40.57-3-150x150.jpeg\" alt=\"\" loading=\"lazy\" aria-describedby=\"gallery-1-1893\"><\/a><figcaption class=\"wp-caption-text gallery-caption\" id=\"gallery-1-1893\">\n\t\t\t\tCasinha p\/ Cacchorro<br \/>\n<\/figcaption><\/figure>\n","protected":false},"excerpt":{"rendered":"<p>M\u00f3veis R\u00fasticos Voc\u00ea gosta de exclusividade e resist\u00eancia em m\u00f3veis? E de se sentir mais perto da natureza, voc\u00ea gosta? Se as suas respostas foram sim para as duas quest\u00f5es anteriores, voc\u00ea tem bons motivos para ler esse artigo e descobrir mais sobre o que os m\u00f3veis r\u00fasticos&nbsp;oferecem. Foi se o tempo em que m\u00f3veis [&hellip;]<\/p>\n","protected":false},"author":1,"featured_media":0,"parent":0,"menu_order":0,"comment_status":"closed","ping_status":"closed","template":"","meta":{"_joinchat":[],"footnotes":""},"class_list":["post-1824","page","type-page","status-publish","hentry"],"jetpack_sharing_enabled":true,"_links":{"self":[{"href":"https:\/\/www.madeireiraboituva.com.br\/index.php\/wp-json\/wp\/v2\/pages\/1824","targetHints":{"allow":["GET"]}}],"collection":[{"href":"https:\/\/www.madeireiraboituva.com.br\/index.php\/wp-json\/wp\/v2\/pages"}],"about":[{"href":"https:\/\/www.madeireiraboituva.com.br\/index.php\/wp-json\/wp\/v2\/types\/page"}],"author":[{"embeddable":true,"href":"https:\/\/www.madeireiraboituva.com.br\/index.php\/wp-json\/wp\/v2\/users\/1"}],"replies":[{"embeddable":true,"href":"https:\/\/www.madeireiraboituva.com.br\/index.php\/wp-json\/wp\/v2\/comments?post=1824"}],"version-history":[{"count":44,"href":"https:\/\/www.madeireiraboituva.com.br\/index.php\/wp-json\/wp\/v2\/pages\/1824\/revisions"}],"predecessor-version":[{"id":2161,"href":"https:\/\/www.madeireiraboituva.com.br\/index.php\/wp-json\/wp\/v2\/pages\/1824\/revisions\/2161"}],"wp:attachment":[{"href":"https:\/\/www.madeireiraboituva.com.br\/index.php\/wp-json\/wp\/v2\/media?parent=1824"}],"curies":[{"name":"wp","href":"https:\/\/api.w.org\/{rel}","templated":true}]}}