{"id":1806,"date":"2022-10-10T13:52:02","date_gmt":"2022-10-10T16:52:02","guid":{"rendered":"https:\/\/www.madeireiraboituva.com.br\/?page_id=1806"},"modified":"2022-10-11T08:40:55","modified_gmt":"2022-10-11T11:40:55","slug":"contatos","status":"publish","type":"page","link":"https:\/\/www.madeireiraboituva.com.br\/index.php\/contatos\/","title":{"rendered":"Contato"},"content":{"rendered":"<style>\/*! elementor - v3.7.8 - 02-10-2022 *\/<br \/>\n.elementor-heading-title{padding:0;margin:0;line-height:1}.elementor-widget-heading .elementor-heading-title[class*=elementor-size-]>a{color:inherit;font-size:inherit;line-height:inherit}.elementor-widget-heading .elementor-heading-title.elementor-size-small{font-size:15px}.elementor-widget-heading .elementor-heading-title.elementor-size-medium{font-size:19px}.elementor-widget-heading .elementor-heading-title.elementor-size-large{font-size:29px}.elementor-widget-heading .elementor-heading-title.elementor-size-xl{font-size:39px}.elementor-widget-heading .elementor-heading-title.elementor-size-xxl{font-size:59px}<\/style>\n<h2>Localiza\u00e7\u00e3o<\/h2>\n<link rel=\"stylesheet\" href=\"https:\/\/www.madeireiraboituva.com.br\/wp-content\/plugins\/elementor\/assets\/css\/widget-icon-list.min.css\">\n<ul>\n<li>\n\t\t\t\t\t\t\t\t\t\tAv. Antonio Angelo Amadio, 2.221 &#8211; Portal da Castelo, Boituva &#8211; SP<\/li>\n<\/ul>\n<style>\/*! elementor - v3.7.8 - 02-10-2022 *\/<br \/>\n.elementor-widget-google_maps .elementor-widget-container{overflow:hidden}.elementor-widget-google_maps iframe{height:300px}<\/style>\n<p>\t\t\t<iframe frameborder=\"0\" scrolling=\"no\" marginheight=\"0\" marginwidth=\"0\" src=\"https:\/\/maps.google.com\/maps?q=madeireira%20boituva&amp;t=m&amp;z=14&amp;output=embed&amp;iwloc=near\" title=\"madeireira boituva\" aria-label=\"madeireira boituva\"><\/iframe><\/p>\n<h2>Hor\u00e1rio de Atendimento<\/h2>\n<ul>\n<li>\n\t\t\t\t\t\t\t\t\t\tSegunda a Sexta: 08h \u00e0s 17h<\/li>\n<li>\n\t\t\t\t\t\t\t\t\t\tS\u00e1bado: 08h \u00e0s 12h<\/li>\n<\/ul>\n<h2>Contatos<\/h2>\n<ul>\n<li>\n\t\t\t\t\t\t\t\t\t\t15 99815-8145<\/li>\n<li>\n\t\t\t\t\t\t\t\t\t\t15 99618-9881<\/li>\n<li>\n\t\t\t\t\t\t\t\t\t\t15 3363-2521<\/li>\n<li>\n\t\t\t\t\t\t\t\t\t\t15 3363-1420<\/li>\n<\/ul>\n","protected":false},"excerpt":{"rendered":"<p>Localiza\u00e7\u00e3o Av. Antonio Angelo Amadio, 2.221 &#8211; Portal da Castelo, Boituva &#8211; SP Hor\u00e1rio de Atendimento Segunda a Sexta: 08h \u00e0s 17h S\u00e1bado: 08h \u00e0s 12h Contatos 15 99815-8145 15 99618-9881 15 3363-2521 15 3363-1420<\/p>\n","protected":false},"author":1,"featured_media":0,"parent":0,"menu_order":0,"comment_status":"closed","ping_status":"closed","template":"","meta":{"_joinchat":[],"footnotes":""},"class_list":["post-1806","page","type-page","status-publish","hentry"],"jetpack_sharing_enabled":true,"_links":{"self":[{"href":"https:\/\/www.madeireiraboituva.com.br\/index.php\/wp-json\/wp\/v2\/pages\/1806","targetHints":{"allow":["GET"]}}],"collection":[{"href":"https:\/\/www.madeireiraboituva.com.br\/index.php\/wp-json\/wp\/v2\/pages"}],"about":[{"href":"https:\/\/www.madeireiraboituva.com.br\/index.php\/wp-json\/wp\/v2\/types\/page"}],"author":[{"embeddable":true,"href":"https:\/\/www.madeireiraboituva.com.br\/index.php\/wp-json\/wp\/v2\/users\/1"}],"replies":[{"embeddable":true,"href":"https:\/\/www.madeireiraboituva.com.br\/index.php\/wp-json\/wp\/v2\/comments?post=1806"}],"version-history":[{"count":20,"href":"https:\/\/www.madeireiraboituva.com.br\/index.php\/wp-json\/wp\/v2\/pages\/1806\/revisions"}],"predecessor-version":[{"id":2158,"href":"https:\/\/www.madeireiraboituva.com.br\/index.php\/wp-json\/wp\/v2\/pages\/1806\/revisions\/2158"}],"wp:attachment":[{"href":"https:\/\/www.madeireiraboituva.com.br\/index.php\/wp-json\/wp\/v2\/media?parent=1806"}],"curies":[{"name":"wp","href":"https:\/\/api.w.org\/{rel}","templated":true}]}}